-93)/(-2)*6/9. What is the highest common factor of o and 155?
31
Let b(v) = 3*v**2 + 3*v - 7. Let j be b(-5). Suppose 0 = -0*d + d - 31. Let o = j - d. Calculate the highest common factor of o and 55.
11
Let b = 329 + -134. Suppose b = 3*h + 2*h. Suppose 0 = -s + h + 87. What is the highest common divisor of s and 18?
18
Let y = 33 + -21. What is the greatest common factor of 96 and y?
12
Let d be 98/21 - (-4)/(-6). Suppose 3 = -3*l + 2*w + 13, d*l + 2 = -5*w. Let b be 0 + 1 - (-7 - 2). What is the highest common divisor of b and l?
2
Let l be (-2 - -4)/(4/(-6)). Let z = 5 + l. What is the greatest common divisor of z and 10?
2
Let s be -1 - 1 - (3 + -145). Suppose p = -p + s. Suppose 8*t = 5*h + 3*t - 120, 3*h - 2*t = 76. What is the highest common factor of h and p?
14
Suppose 5*w + 5*w - 90 = 0. Let m = -158 + 237. Let t be 2 - (1 - (1 + m)). What is the greatest common divisor of w and t?
9
Suppose 3*f - 170 = 5*u, 2*f - 5*u = f + 70. What is the greatest common factor of 20 and f?
10
Let u(w) = -w - 1 + 6 - 2. Let i be u(-7). Suppose -i - 2 = -4*j, 5*y = -4*j + 122. Calculate the greatest common divisor of 55 and y.
11
Let f = 16 - 1. Let g = -8 + f. Let o = 46 - 25. Calculate the highest common factor of o and g.
7
Suppose 1 = -3*t + 2*t. Let x be 7 - (t + 2)*0. Calculate the highest common divisor of x and 7.
7
Let i(f) be the first derivative of f**4/4 - 7*f**3/3 - 3*f**2/2 + 4*f - 1. Let r be i(8). Calculate the highest common divisor of r and 4.
4
Suppose 2*c - 42 = m - 2*m, 5*c - 135 = 5*m. What is the highest common factor of 23 and c?
23
Suppose 4*s = 3*g - 4*g + 8, -3*s + g = -13. Calculate the highest common divisor of 21 and s.
3
Suppose 2*s - d - 15 = 0, -4*s = -5*s + 5*d - 15. Calculate the greatest common factor of 50 and s.
10
Suppose -3*b + 101 = -5*i, 4*i + 0*i - 8 = 0. Calculate the highest common divisor of 296 and b.
37
Let y = 2 + 33. Calculate the highest common divisor of 385 and y.
35
Let c = 114 - 42. Suppose -3*a = 2*r + 3*r - c, 0 = -3*r - 2*a + 44. What is the greatest common divisor of r and 12?
12
Let c = 29 - 14. Calculate the greatest common factor of c and 3.
3
Let g = -56 - -59. Calculate the highest common divisor of 3 and g.
3
Let b(j) = j**2 - j + 1. Let w be b(2). Suppose 5*l + 10 = -3*p - 20, 40 = -4*p + 3*l. Let u = 13 + p. Calculate the highest common factor of u and w.
3
Suppose 0*z + 80 = -5*z. Let c be (z/(-10))/(2/15). What is the greatest common factor of c and 84?
12
Suppose 4*j - 76 = -4*d, -5*d + 0*j + j + 89 = 0. Let n be (-70)/(-9) - (-4)/d. What is the greatest common divisor of n and 2?
2
Let l be -3*(-3)/((-9)/(-2)). Suppose 0 = -2*z - l*z + 112. Let q(s) = 3*s**2 - 8*s - 14. Let m be q(-2). Calculate the greatest common factor of m and z.
14
Let w be -3 - (2 + 1 - 9). Suppose 0 = -4*r - w*s + 69 + 19, -2*s + 92 = 4*r. What is the highest common factor of 275 and r?
25
Suppose -134 = -d + 42. Suppose t + 3*t = d. What is the greatest common factor of 11 and t?
11
Let i(y) = -3*y + 1. Let l be i(-3). What is the highest common divisor of l and 90?
10
Let q(w) = w**2 - 5*w + 4. Let b be q(4). Suppose b = -5*v - 4 + 14. Let j be 10 + (-3 + 1)/v. What is the greatest common factor of 6 and j?
3
Let s(c) = -c**3 + 8*c**2 + 7. Let k be s(6). Suppose 131 = -5*i - k. Let b = -21 - i. Calculate the highest common divisor of 3 and b.
3
Suppose f - 15 = -2*f. Suppose 2*r - f = -1. Let a be 92/6 - 2/(-3). Calculate the greatest common factor of a and r.
2
Suppose -4*i = 2*b - b - 13, -3*b + 3*i = -24. Let j(s) = 8*s**2 + 4*s + 3. Let l be j(-2). Calculate the highest common factor of l and b.
9
Let f = -158 - -233. What is the highest common factor of 15 and f?
15
Let p(g) = g + 2. Let w be p(-8). Let t be 62/3 - (-4)/w. Calculate the highest common divisor of 2 and t.
2
Let v be 3/(-2)*(-14)/(-3). Let m(c) = 3*c - 4. Let n be m(v). Let r be 2/(-5) + (-60)/n. What is the highest common factor of 14 and r?
2
Suppose -2*v - 8 - 2 = 0, -2*o + 20 = -2*v. Let c = o + 3. Let z = 24 + 0. What is the greatest common factor of c and z?
8
Let b = -18 - -28. Suppose 0 = z - b. What is the highest common factor of z and 110?
10
Suppose 3*s - 1 - 2 = 0. Suppose -5*u + 4*j + 8 = 0, 3*u = 5*j - j. What is the highest common divisor of u and s?
1
Suppose 3*c - z - z - 6 = 0, -5*c + z + 17 = 0. Calculate the highest common divisor of 32 and c.
4
Let n(g) = 3*g + 4. Let a be n(-12). Let z be -1*2 - a/8. What is the greatest common factor of 14 and z?
2
Let n(w) = w**3 + 6*w**2 - 2. Let d be n(-4). Let f(g) = g**3 + g + 330. Let q be f(0). What is the highest common divisor of d and q?
30
Suppose 2*f = -2*l + l + 277, 0 = 3*f - l - 423. What is the greatest common divisor of f and 14?
14
Suppose 440 + 55 = 5*m. What is the highest common factor of 9 and m?
9
Let f be (-3)/(-5) + ((-111)/15)/(-1). Calculate the greatest common divisor of f and 20.
4
Let c(z) = 2*z**2 + 11*z - 7. Let o be c(-8). Calculate the greatest common factor of 11 and o.
11
Suppose 0 = -p + 4*p - 135. Calculate the greatest common factor of p and 5.
5
Let o be -26 - (2 + -5 + 1). Let i = o - -42. Calculate the greatest common divisor of i and 9.
9
Let s(b) = b + 6. Let x be s(0). Let a(g) = -g**2 + 11*g + 8. Let v be a(10). Calculate the greatest common divisor of x and v.
6
Let h be (-2)/2*3 - -7. Let q be (h/(-6))/((-2)/9). Calculate the highest common factor of 6 and q.
3
Suppose -5 = 2*l - 4*u + 3, 3*u = 2*l + 5. Calculate the greatest common factor of 18 and l.
2
Suppose -300 = -3*h - 2*h. Let t be (-22)/(-12) - 7/(-42). Let s be -3*(t - -3)/(-1). What is the greatest common factor of h and s?
15
Suppose -5*p + 152 + 83 = 0. Let o = -17 + p. Calculate the highest common divisor of o and 10.
10
Let v(g) = g**2 + 5*g + 6. Let q be v(-4). Suppose 58 = 4*p + q*b, -4*p - 2*b = -7*b - 37. What is the highest common factor of p and 143?
13
Let r = 7 - 4. Suppose -2*g + g - 17 = 0. Let p be 2*g/(-2) - 2. What is the highest common divisor of r and p?
3
Suppose 4*s = s + 660. Calculate the highest common factor of s and 20.
20
Let g(n) = -56*n**2. Let m be g(-1). Suppose -4*y - l = 106, 5*y + 99 = -4*l - 39. Let s = y - m. Calculate the greatest common factor of s and 12.
6
Suppose -5*b + f = -288, -2*f = -0*b - 4*b + 228. What is the highest common divisor of 29 and b?
29
Suppose 5*w = 2*w + 24. Calculate the highest common factor of 72 and w.
8
Suppose -3*p + m = -5, -2*p + 17 = -3*p + 5*m. Calculate the greatest common divisor of 24 and p.
3
Let l be 6 - (-1)/2*-4. Let x = 16 + -14. Calculate the highest common divisor of l and x.
2
Let a(c) = -2*c. Let r be a(-1). Let m = 6 + 3. Let j = m + -3. Calculate the greatest common divisor of r and j.
2
Suppose -2*f = 3*l - 5, 2*l - 4*l - f + 5 = 0. Suppose -3*x + 3*h = -48, l*h = 5*x + 2*h - 76. What is the greatest common divisor of x and 42?
14
Let v(c) = 4*c. Let h be v(6). Let r be ((-270)/105)/(2/(-28)). What is the greatest common factor of h and r?
12
Let j(l) be the second derivative of l**3/3 + l**2 + 3*l. Let g be j(1). Calculate the highest common factor of g and 36.
4
Let b(h) = h**3 - 4 - 2*h**2 + 2 + 4 - 2*h**3. Let l be b(-2). Suppose -l*i - 24 = -68. Calculate the greatest common divisor of 55 and i.
11
Let y(p) = -p**3 - 7*p**2 + 7*p - 6. Let o be y(-8). Suppose o*a + 8 = 22. Calculate the highest common factor of a and 21.
7
Let m(i) = -3 - 6 + 3*i + 1 - 7. Let u be m(10). What is the highest common divisor of u and 15?
15
Suppose 2*j - 48 = -4*b, -j + 25 = -0*j + b. What is the highest common factor of j and 39?
13
Suppose 0 = 25*t - 31*t + 240. Suppose -3*i + 88 = -212. What is the highest common factor of i and t?
20
Suppose 690 = 5*i - 135. Suppose 2*m + 3*p - 36 = 0, -3*p + 30 + 36 = 4*m. What is the greatest common factor of i and m?
15
Suppose -4*s = -p - 0*p + 13, -2*s - 4 = 0. Let l = p + 8. Let y be 2/(-4) + l/2. What is the greatest common divisor of y and 42?
6
Let c = -73 + 128. Suppose 0 = 4*x - 0 - 12. Suppose 3*g = 5*u - 25, -x*g + 6 - 1 = u. Calculate the highest common factor of c and u.
5
Let i = -25 + 41. Let r(t) = 5*t**3 - 2*t**2 + 2*t - 1. Let k be r(1). Calculate the highest common divisor of i and k.
4
Let o(g) = 6*g**2 + 2*g - 4. Let a be o(-3). Let n 